remainder when b is divided by 3?
2
Let q(x) = -5*x**3 - 31*x**2 - 14*x + 1. Let s be (-314)/(-4) - 2/4. Suppose w - 4*w = -s. Calculate the remainder when q(-6) is divided by w.
23
Let d(t) = t + 1. Let s be d(1). Let i(b) = -4 - 5 + s*b + 0*b + 5*b**2. What is the remainder when i(-4) is divided by 13?
11
Suppose 12 = h + h - z, 0 = 5*z - 20. Let p = h - 23. What is the remainder when (-3 - p/(-12))*-12 is divided by 13?
12
Suppose -3*p + y = -562 + 209, -4*p = 3*y - 462. Calculate the remainder when p is divided by 49.
19
Suppose s + q + 29 = -26, -5*q + 55 = -s. Calculate the remainder when (-5)/2*572/s is divided by 9.
8
Let f(r) = -9*r**3 - 6*r**2 + 11*r + 9. Let w(m) = 13*m**3 + 9*m**2 - 16*m - 13. Let s(l) = 7*f(l) + 5*w(l). Calculate the remainder when s(3) is divided by 24.
22
Suppose -29 - 106 = -5*q. Suppose 4*g - 7*r + 18*r = 186, -4*r = 3*g - 165. What is the remainder when g is divided by q?
9
Calculate the remainder when (445/25 - (-5 - -9))*10 is divided by 35.
33
Suppose 5*i - 539 + 214 = 0. Let x = -38 + i. Calculate the remainder when x is divided by 7.
6
Let g(i) = -3*i + 7. Suppose 0*n + 0*n = -n. What is the remainder when g(n) is divided by 3?
1
Let o = 6 + 21. Calculate the remainder when o is divided by 12.
3
Let i = 63 - 61. Suppose -2*d + 198 = 4*x, 3*x - 6*d - 121 = -2*d. Suppose -i*b + 79 = -x. What is the remainder when b is divided by 16?
15
Calculate the remainder when 336 is divided by (11 - 12)/((-4)/40).
6
Suppose 10 = -2*l, -4*z - l - 2*l + 433 = 0. What is the remainder when z is divided by 38?
36
Suppose 23*a - 5656 = 20*a + 2*n, -a + 5*n + 1894 = 0. What is the remainder when a is divided by 46?
44
Let z(r) = 2*r**3 + 3*r**2 - 2*r. Let w be z(2). Suppose 2*b - 4*b + 52 = v, -5*b = -5*v - 160. Calculate the remainder when (210/b)/(2/w) is divided by 23.
21
Let i(f) be the second derivative of f**4/6 + 5*f**3/6 - 2*f**2 - 3*f. Calculate the remainder when 2115/35 - (-6)/(-14) is divided by i(-5).
18
Let j(g) = 5*g**3 - 6*g**2 + 12*g - 20. What is the remainder when 183 is divided by j(3)?
86
Calculate the remainder when 516 is divided by (-13 - -9) + (-41)/(-4 - -3).
35
Let q(r) = 19*r**3 + 5*r**2 - 20*r**3 + 9*r + 5 + 3*r**2. What is the remainder when 5 is divided by q(9)?
0
What is the remainder when 143 is divided by (2 - 15/6)*(-76)/2?
10
Suppose -4*a + 214 = -2*a. Suppose 5*v - 28 = a. Suppose -38 = -3*f + 199. Calculate the remainder when f is divided by v.
25
Suppose -2*c + 22 = 5*v, v + 32 = -2*c + 46. What is the remainder when c is divided by ((-6)/4)/(3/(-8))?
2
Let x(r) = 21*r**2 - 6*r - 7. Let a be x(-3). Calculate the remainder when a/6 + (-4)/12 is divided by 9.
6
What is the remainder when 71 - 2/((-10)/25) is divided by 14?
6
Let p = 548 + -458. Calculate the remainder when p is divided by 11.
2
Suppose 0*t = 7*t - 84. Calculate the remainder when 43*((-39)/(-9) - 4)*3 is divided by t.
7
Let m = -4 - -7. Let x be ((0 - 3) + m)*-1. Suppose x = -3*n + 4*f + 24, -n - 3*f + 3 + 18 = 0. What is the remainder when 23 is divided by n?
11
Let v(r) = r**2 + 7*r - 7. Let w be v(8). Let f = w + -78. Let b = 44 - f. Calculate the remainder when 43 is divided by b.
7
Suppose 5*v - 55 = -5*i, 2*v - 3*i = -v + 33. Suppose 2*q = -n - 2, 3*n + q = n + 11. Let f(g) = 3*g - 4. Calculate the remainder when f(n) is divided by v.
9
Let s(z) = 4*z + 157. What is the remainder when 139 is divided by s(-30)?
28
Suppose -j - 3*j + 560 = 0. Suppose -2*o = 3*k - 55, 51 - j = -5*k - 4*o. What is the remainder when 79 is divided by k?
16
Suppose 43*a = 42*a + 5. Suppose 2*b = -a*m + 475 + 36, -5*m = -3*b - 496. Calculate the remainder when m is divided by 13.
10
Let h = -141020 - -83663. Let a be h/(-15) + (-8)/(-40). What is the remainder when 6/(-10) + a/40 is divided by 24?
23
Let r be 766/9 - (-8)/(-72). Let g = 105 - r. Let y = 150 + -91. Calculate the remainder when y is divided by g.
19
Suppose -11*q + 550 - 385 = 0. What is the remainder when 38 is divided by q?
8
Suppose 0 = 62*b - 12227 + 3299. What is the remainder when b is divided by 22?
12
Suppose g + 258 = 5*i, 4*i = g + g + 210. What is the remainder when 251 is divided by i?
47
Suppose -5*d = -3*d. Suppose 2*t = 8, d = 5*w + t - 2*t - 16. Suppose -3*r + w*r + 2*l - 49 = 0, 4*l + 8 = 0. Calculate the remainder when r is divided by 14.
11
Let w = -1 + 50. Suppose -1 - w = -5*s. Let q(x) = -x**2 + 12*x + 7. What is the remainder when q(s) is divided by 14?
13
Let n = -14 + 31. Suppose -12 = -4*c + 8. What is the remainder when n is divided by c?
2
Suppose -p + i + 25 + 37 = 0, -p + 60 = i. What is the remainder when p is divided by (-130)/(-8) + 1/(-4)?
13
Let v(n) = -64*n**3 + 2*n**2 - 1. Suppose 2*d - 5*d - 51 = 0. Let j = d + 16. What is the remainder when v(j) is divided by 22?
21
Suppose j = -5*f + 37, -3*f + 2*j + 28 = -2. Let n = -33 + 46. Calculate the remainder when n is divided by f.
5
Suppose 7*h - 3*h - c = -135, 3*h + 2*c = -93. Let r = h - -61. What is the remainder when r is divided by 8?
4
Suppose 2*h - 29 = 2*s - 7*s, -3*s + 25 = 5*h. Suppose 0 = 3*m - 13 - h. Suppose 0*t + m*t = 95. Calculate the remainder when 56 is divided by t.
18
Suppose 4*k = -y + 193, -13*k + 17*k + 2*y - 190 = 0. What is the remainder when 112 is divided by k?
14
Let y = -128 - -139. What is the remainder when y is divided by 1?
0
What is the remainder when (485/(-30))/(1/(-6)) is divided by 50?
47
Let a(m) be the second derivative of -3*m**5/5 - m**4/12 - m**3/6 + m. Suppose 0 = -5*z - 0*z + 225. What is the remainder when z is divided by a(-1)?
9
Suppose -4 = 9*s - 49. Let v be (5 - -1)/(3/4). Suppose -v*d + s*d + 9 = 0. What is the remainder when 7 is divided by d?
1
Suppose -153*t + 144*t = -207. What is the remainder when 481 is divided by t?
21
Let m(t) = -2*t - 2*t - 7 + 2*t**2 + 3*t + 0*t. Let i be m(6). What is the remainder when i*(-1 + 3 - 1) is divided by 20?
19
Suppose -221 = 4*h - 225. What is the remainder when 6 is divided by h?
0
Suppose 6 = -o + 15. Suppose -o*c + 99 - 36 = 0. What is the remainder when 102 is divided by c?
4
Let x = 1823 - 1769. Calculate the remainder when x is divided by 11.
10
Let i(f) = f**2 + 2*f + 28. Let k be i(0). Suppose 3*q = 74 + k. Let a = q + -21. What is the remainder when 64 is divided by a?
12
Let b = 78 + -75. Suppose -b*l + 490 = 7*l. Calculate the remainder when 143 is divided by l.
45
Let b = 13 + -12. Let n = -47 - -73. Calculate the remainder when (n/65)/(b/20) is divided by 2.
0
Let u = -77 + 92. Let f = -6 + 12. Calculate the remainder when u is divided by f.
3
Suppose 0*i = 8*i - 1336. Suppose i = 4*a - 133. What is the remainder when a is divided by 13?
10
Let j(t) = -t + 1. Let y(m) = -m**2 + 2*m. Let g be y(3). Let x be j(g). Suppose -185 = -x*b + 27. What is the remainder when b is divided by 14?
11
Let g = 41 - 37. Suppose -g*k = 5*p - 40, -k = 3*p - 5*p + 3. Calculate the remainder when 12 is divided by k.
2
Suppose 65*p - 627 = 54*p. Calculate the remainder when 218 is divided by p.
47
Let z(p) = 5*p**2 + 2*p - 5. What is the remainder when z(3) is divided by 3 - (-295)/(-95) - (-405)/57?
4
Suppose 5*p + 2*r - 148 = 0, -2*p + 72 = -0*r + 4*r. What is the remainder when p is divided by 2?
0
Let k = 47 + 11. Let t = 73 + -43. Calculate the remainder when k is divided by t.
28
Suppose 2*r = -2*z + 28, 3*r + 30 = 18*z - 17*z. Calculate the remainder when 119 is divided by z.
11
Suppose 0 = u + 2 - 7, 0 = 5*s + 3*u - 1220. Calculate the remainder when s is divided by 8.
1
Let o(t) = 47*t**2 + 22*t - 47. Calculate the remainder when o(2) is divided by 59.
8
Suppose -18928 = -24*l - 28*l. Calculate the remainder when l is divided by 46.
42
Let c(x) = 11*x + 4. Let s(k) = k**2 - k + 13. Let y be s(9). Let d = -70 + y. Calculate the remainder when c(5) is divided by d.
14
Let d = -27 - -4. Let m = d - -23. Suppose 3*g - 60 + 15 = m. What is the remainder when g is divided by 8?
7
Let m(n) = 119*n - 463. Calculate the remainder when m(8) is divided by 49.
48
Let s = 227 + -65. Suppose 6*v - s = -3*v. What is the remainder when 41 is divided by v?
5
What is the remainder when (-432)/120*(-5 - 0) is divided by 5?
3
Suppose -5*c + 315 = -5*z, -3*c + 2*z = -133 - 51. Let u = c - 53. What is the remainder 